{"id":108,"date":"2025-11-16T18:17:13","date_gmt":"2025-11-16T17:17:13","guid":{"rendered":"https:\/\/cptv.fr\/?page_id=108"},"modified":"2025-11-20T16:59:53","modified_gmt":"2025-11-20T15:59:53","slug":"temoignage","status":"publish","type":"page","link":"https:\/\/cptv.fr\/index.php\/temoignage\/","title":{"rendered":"T\u00e9moignage"},"content":{"rendered":"\n<p>L\u2019exposition regroupe des t\u00e9moignages de membres du collectif sur leur v\u00e9cu de la crise sanitaire. Recueillis au cours de l\u2019ann\u00e9e 2023, ces t\u00e9moignages font l\u2019objet d\u2019une exposition qui a \u00e9t\u00e9 visible au Rubis entre le 20 mars et le 31 octobre 2025, d&rsquo;autre moyen de diffusions sont a l&rsquo;\u00e9tude<\/p>\n\n\n\n<figure class=\"wp-block-image size-large\"><img loading=\"lazy\" decoding=\"async\" width=\"722\" height=\"1024\" src=\"https:\/\/cptv.fr\/wp-content\/uploads\/2025\/11\/temoignage-722x1024.jpg\" alt=\"\" class=\"wp-image-109\" srcset=\"https:\/\/cptv.fr\/wp-content\/uploads\/2025\/11\/temoignage-722x1024.jpg 722w, https:\/\/cptv.fr\/wp-content\/uploads\/2025\/11\/temoignage-211x300.jpg 211w, https:\/\/cptv.fr\/wp-content\/uploads\/2025\/11\/temoignage-768x1090.jpg 768w, https:\/\/cptv.fr\/wp-content\/uploads\/2025\/11\/temoignage.jpg 902w\" sizes=\"auto, (max-width: 722px) 100vw, 722px\" \/><\/figure>\n\n\n\n<h2 class=\"wp-block-heading\">Contact<\/h2>\n\n\n<style id=\"wpforms-css-vars-153-block-fa491c52-7ae8-4237-8fc8-88909c739497\">\n\t\t\t\t#wpforms-153.wpforms-block-fa491c52-7ae8-4237-8fc8-88909c739497 {\n\t\t\t\t--wpforms-field-background-color: var(--ast-global-color-7);\n--wpforms-field-size-input-height: 43px;\n--wpforms-field-size-input-spacing: 15px;\n--wpforms-field-size-font-size: 16px;\n--wpforms-field-size-line-height: 19px;\n--wpforms-field-size-padding-h: 14px;\n--wpforms-field-size-checkbox-size: 16px;\n--wpforms-field-size-sublabel-spacing: 5px;\n--wpforms-field-size-icon-size: 1;\n--wpforms-label-size-font-size: 16px;\n--wpforms-label-size-line-height: 19px;\n--wpforms-label-size-sublabel-font-size: 14px;\n--wpforms-label-size-sublabel-line-height: 17px;\n--wpforms-button-size-font-size: 17px;\n--wpforms-button-size-height: 41px;\n--wpforms-button-size-padding-h: 15px;\n--wpforms-button-size-margin-top: 10px;\n\t\t\t}\n\t\t\t<\/style>\n\n\n<p><\/p>\n","protected":false},"excerpt":{"rendered":"<p>L\u2019exposition regroupe des t\u00e9moignages de membres du collectif sur leur v\u00e9cu de la crise sanitaire. Recueillis au cours de l\u2019ann\u00e9e 2023, ces t\u00e9moignages font l\u2019objet d\u2019une exposition qui a \u00e9t\u00e9 &hellip; <\/p>\n<p class=\"link-more\"><a href=\"https:\/\/cptv.fr\/index.php\/temoignage\/\" class=\"more-link\">Continuer la lecture<span class=\"screen-reader-text\"> de &laquo;&nbsp;T\u00e9moignage&nbsp;&raquo;<\/span><\/a><\/p>\n","protected":false},"author":1,"featured_media":0,"parent":0,"menu_order":0,"comment_status":"closed","ping_status":"closed","template":"","meta":{"_uag_custom_page_level_css":"","footnotes":""},"class_list":["post-108","page","type-page","status-publish","hentry"],"uagb_featured_image_src":{"full":false,"thumbnail":false,"medium":false,"medium_large":false,"large":false,"1536x1536":false,"2048x2048":false,"twentyseventeen-featured-image":false,"twentyseventeen-thumbnail-avatar":false},"uagb_author_info":{"display_name":"Alex","author_link":"https:\/\/cptv.fr\/index.php\/author\/alex\/"},"uagb_comment_info":0,"uagb_excerpt":"L\u2019exposition regroupe des t\u00e9moignages de membres du collectif sur leur v\u00e9cu de la crise sanitaire. Recueillis au cours de l\u2019ann\u00e9e 2023, ces t\u00e9moignages font l\u2019objet d\u2019une exposition qui a \u00e9t\u00e9 &hellip; Continuer la lecture de &laquo;&nbsp;T\u00e9moignage&nbsp;&raquo;","_links":{"self":[{"href":"https:\/\/cptv.fr\/index.php\/wp-json\/wp\/v2\/pages\/108","targetHints":{"allow":["GET"]}}],"collection":[{"href":"https:\/\/cptv.fr\/index.php\/wp-json\/wp\/v2\/pages"}],"about":[{"href":"https:\/\/cptv.fr\/index.php\/wp-json\/wp\/v2\/types\/page"}],"author":[{"embeddable":true,"href":"https:\/\/cptv.fr\/index.php\/wp-json\/wp\/v2\/users\/1"}],"replies":[{"embeddable":true,"href":"https:\/\/cptv.fr\/index.php\/wp-json\/wp\/v2\/comments?post=108"}],"version-history":[{"count":3,"href":"https:\/\/cptv.fr\/index.php\/wp-json\/wp\/v2\/pages\/108\/revisions"}],"predecessor-version":[{"id":363,"href":"https:\/\/cptv.fr\/index.php\/wp-json\/wp\/v2\/pages\/108\/revisions\/363"}],"wp:attachment":[{"href":"https:\/\/cptv.fr\/index.php\/wp-json\/wp\/v2\/media?parent=108"}],"curies":[{"name":"wp","href":"https:\/\/api.w.org\/{rel}","templated":true}]}}