{"id":111,"date":"2025-11-16T18:21:55","date_gmt":"2025-11-16T17:21:55","guid":{"rendered":"https:\/\/cptv.fr\/?page_id=111"},"modified":"2025-11-20T17:00:53","modified_gmt":"2025-11-20T16:00:53","slug":"victimes-injections","status":"publish","type":"page","link":"https:\/\/cptv.fr\/index.php\/victimes-injections\/","title":{"rendered":"Victimes Injections"},"content":{"rendered":"\n<figure class=\"wp-block-image size-full is-resized\"><img loading=\"lazy\" decoding=\"async\" src=\"https:\/\/cptv.fr\/wp-content\/uploads\/2025\/11\/INDESIRABLE.png\" alt=\"\" class=\"wp-image-113\" width=\"282\" height=\"186\" srcset=\"https:\/\/cptv.fr\/wp-content\/uploads\/2025\/11\/INDESIRABLE.png 468w, https:\/\/cptv.fr\/wp-content\/uploads\/2025\/11\/INDESIRABLE-300x197.png 300w\" sizes=\"auto, (max-width: 282px) 100vw, 282px\" \/><\/figure>\n\n\n\n<p>Le groupe a \u00e9t\u00e9 cr\u00e9\u00e9, \u00e0 l\u2019origine, pour travailler sur la mise en place d\u2019une cellule d\u2019\u00e9coute et d\u2019aide aux victimes d\u2019effets ind\u00e9sirables du vaccin \u00e0 ARN messager.<br>Nous n\u2019avons pas abouti mais d\u2019autres ont r\u00e9ussi. Nous avons donc d\u00e9cid\u00e9 de changer de nom et d\u2019objectif : ce groupe est maintenant destin\u00e9 \u00e0 soutenir la plateforme \u201cSOS \u2013 \u00e9coute effets ind\u00e9sirables\u201d, et en particulier d\u2019aider \u00e0 la diffusion des flyers d\u2019information de la plateforme.<br>SOS Effets Ind\u00e9sirables Vaccinations &amp; Covid<br>La plate-forme&nbsp;SOS Effets Ind\u00e9sirables Vaccinations &amp; Covid, n\u00e9e d\u2019\u00e9changes avec des associations et collectifs de victimes de la vaccination, offre un espace d\u2019\u00e9coute \u00e0 ceux dont la parole et la souffrance, tant physique que morale, sont ni\u00e9es, invisibilis\u00e9es et \u00e0 ceux qui souhaiteraient \u00e9voquer leur v\u00e9cu.&nbsp; &nbsp; &nbsp; &nbsp; &nbsp; &nbsp; &nbsp; &nbsp; &nbsp; &nbsp; &nbsp; &nbsp; &nbsp; &nbsp;<br>Du lundi au samedi de 10h \u00e0 22h, des b\u00e9n\u00e9voles form\u00e9s, accueillent, \u00e9coutent en toute confidentialit\u00e9 et bienveillance et orientent selon les besoins vers des associations.<br>Il est possible de participer \u00e0 cette d\u00e9marche&nbsp;:<br>en rejoignant notre \u00e9quipe d\u2019\u00e9coutants sur&nbsp;&nbsp;sos.ecouteei@proton.me<br>en apportant un soutien financier sur&nbsp;&nbsp;www.helloasso.com\/associations\/echo-sentinelle\/formulaires\/1<\/p>\n\n\n\n<figure class=\"wp-block-image size-full\"><img loading=\"lazy\" decoding=\"async\" width=\"334\" height=\"494\" src=\"https:\/\/cptv.fr\/wp-content\/uploads\/2025\/11\/INDESIRABLE2.png\" alt=\"\" class=\"wp-image-112\" srcset=\"https:\/\/cptv.fr\/wp-content\/uploads\/2025\/11\/INDESIRABLE2.png 334w, https:\/\/cptv.fr\/wp-content\/uploads\/2025\/11\/INDESIRABLE2-203x300.png 203w\" sizes=\"auto, (max-width: 334px) 100vw, 334px\" \/><\/figure>\n\n\n\n<h2 class=\"wp-block-heading\">Contact<\/h2>\n\n\n<style id=\"wpforms-css-vars-153-block-fa491c52-7ae8-4237-8fc8-88909c739497\">\n\t\t\t\t#wpforms-153.wpforms-block-fa491c52-7ae8-4237-8fc8-88909c739497 {\n\t\t\t\t--wpforms-field-background-color: var(--ast-global-color-7);\n--wpforms-field-size-input-height: 43px;\n--wpforms-field-size-input-spacing: 15px;\n--wpforms-field-size-font-size: 16px;\n--wpforms-field-size-line-height: 19px;\n--wpforms-field-size-padding-h: 14px;\n--wpforms-field-size-checkbox-size: 16px;\n--wpforms-field-size-sublabel-spacing: 5px;\n--wpforms-field-size-icon-size: 1;\n--wpforms-label-size-font-size: 16px;\n--wpforms-label-size-line-height: 19px;\n--wpforms-label-size-sublabel-font-size: 14px;\n--wpforms-label-size-sublabel-line-height: 17px;\n--wpforms-button-size-font-size: 17px;\n--wpforms-button-size-height: 41px;\n--wpforms-button-size-padding-h: 15px;\n--wpforms-button-size-margin-top: 10px;\n\t\t\t}\n\t\t\t<\/style>","protected":false},"excerpt":{"rendered":"<p>Le groupe a \u00e9t\u00e9 cr\u00e9\u00e9, \u00e0 l\u2019origine, pour travailler sur la mise en place d\u2019une cellule d\u2019\u00e9coute et d\u2019aide aux victimes d\u2019effets ind\u00e9sirables du vaccin \u00e0 ARN messager.Nous n\u2019avons pas &hellip; <\/p>\n<p class=\"link-more\"><a href=\"https:\/\/cptv.fr\/index.php\/victimes-injections\/\" class=\"more-link\">Continuer la lecture<span class=\"screen-reader-text\"> de &laquo;&nbsp;Victimes Injections&nbsp;&raquo;<\/span><\/a><\/p>\n","protected":false},"author":1,"featured_media":0,"parent":0,"menu_order":0,"comment_status":"closed","ping_status":"closed","template":"","meta":{"_uag_custom_page_level_css":"","footnotes":""},"class_list":["post-111","page","type-page","status-publish","hentry"],"uagb_featured_image_src":{"full":false,"thumbnail":false,"medium":false,"medium_large":false,"large":false,"1536x1536":false,"2048x2048":false,"twentyseventeen-featured-image":false,"twentyseventeen-thumbnail-avatar":false},"uagb_author_info":{"display_name":"Alex","author_link":"https:\/\/cptv.fr\/index.php\/author\/alex\/"},"uagb_comment_info":0,"uagb_excerpt":"Le groupe a \u00e9t\u00e9 cr\u00e9\u00e9, \u00e0 l\u2019origine, pour travailler sur la mise en place d\u2019une cellule d\u2019\u00e9coute et d\u2019aide aux victimes d\u2019effets ind\u00e9sirables du vaccin \u00e0 ARN messager.Nous n\u2019avons pas &hellip; Continuer la lecture de &laquo;&nbsp;Victimes Injections&nbsp;&raquo;","_links":{"self":[{"href":"https:\/\/cptv.fr\/index.php\/wp-json\/wp\/v2\/pages\/111","targetHints":{"allow":["GET"]}}],"collection":[{"href":"https:\/\/cptv.fr\/index.php\/wp-json\/wp\/v2\/pages"}],"about":[{"href":"https:\/\/cptv.fr\/index.php\/wp-json\/wp\/v2\/types\/page"}],"author":[{"embeddable":true,"href":"https:\/\/cptv.fr\/index.php\/wp-json\/wp\/v2\/users\/1"}],"replies":[{"embeddable":true,"href":"https:\/\/cptv.fr\/index.php\/wp-json\/wp\/v2\/comments?post=111"}],"version-history":[{"count":3,"href":"https:\/\/cptv.fr\/index.php\/wp-json\/wp\/v2\/pages\/111\/revisions"}],"predecessor-version":[{"id":364,"href":"https:\/\/cptv.fr\/index.php\/wp-json\/wp\/v2\/pages\/111\/revisions\/364"}],"wp:attachment":[{"href":"https:\/\/cptv.fr\/index.php\/wp-json\/wp\/v2\/media?parent=111"}],"curies":[{"name":"wp","href":"https:\/\/api.w.org\/{rel}","templated":true}]}}