{"id":217,"date":"2025-11-17T18:48:26","date_gmt":"2025-11-17T17:48:26","guid":{"rendered":"https:\/\/cptv.fr\/?page_id=217"},"modified":"2026-05-11T13:24:02","modified_gmt":"2026-05-11T11:24:02","slug":"evenementiel","status":"publish","type":"page","link":"https:\/\/cptv.fr\/index.php\/evenementiel\/","title":{"rendered":"\u00c9v\u00e8nementiel"},"content":{"rendered":"\n<figure class=\"wp-block-image size-large is-resized\"><img loading=\"lazy\" decoding=\"async\" width=\"1024\" height=\"528\" src=\"https:\/\/cptv.fr\/wp-content\/uploads\/2025\/11\/conference-1024x528.jpg\" alt=\"\" class=\"wp-image-83\" style=\"width:378px;height:195px\" srcset=\"https:\/\/cptv.fr\/wp-content\/uploads\/2025\/11\/conference-1024x528.jpg 1024w, https:\/\/cptv.fr\/wp-content\/uploads\/2025\/11\/conference-300x155.jpg 300w, https:\/\/cptv.fr\/wp-content\/uploads\/2025\/11\/conference-768x396.jpg 768w, https:\/\/cptv.fr\/wp-content\/uploads\/2025\/11\/conference-1536x792.jpg 1536w, https:\/\/cptv.fr\/wp-content\/uploads\/2025\/11\/conference-2048x1056.jpg 2048w\" sizes=\"auto, (max-width: 706px) 89vw, (max-width: 767px) 82vw, 740px\" \/><\/figure>\n\n\n\n<p>Raison d\u2019\u00eatre : Structurer et coordonner les \u00e9v\u00e8nements en \u00e9troite collaboration avec l\u2019agenda &amp; la gestion financi\u00e8re<br>P\u00e9rim\u00e8tre d\u2019action : Toutes activit\u00e9s organis\u00e9es par le collectif  (Concerts, march\u00e9s, ateliers, \u2026)<br>Pouvoir d\u2019action : Sur les \u00e9v\u00e8nements.<\/p>\n","protected":false},"excerpt":{"rendered":"<p>Raison d\u2019\u00eatre : Structurer et coordonner les \u00e9v\u00e8nements en \u00e9troite collaboration avec l\u2019agenda &amp; la gestion financi\u00e8reP\u00e9rim\u00e8tre d\u2019action : Toutes activit\u00e9s organis\u00e9es par le collectif (Concerts, march\u00e9s, ateliers, \u2026)Pouvoir d\u2019action &hellip; <\/p>\n<p class=\"link-more\"><a href=\"https:\/\/cptv.fr\/index.php\/evenementiel\/\" class=\"more-link\">Continuer la lecture<span class=\"screen-reader-text\"> de &laquo;&nbsp;\u00c9v\u00e8nementiel&nbsp;&raquo;<\/span><\/a><\/p>\n","protected":false},"author":1,"featured_media":0,"parent":0,"menu_order":0,"comment_status":"closed","ping_status":"closed","template":"","meta":{"_uag_custom_page_level_css":"","footnotes":""},"class_list":["post-217","page","type-page","status-publish","hentry"],"uagb_featured_image_src":{"full":false,"thumbnail":false,"medium":false,"medium_large":false,"large":false,"1536x1536":false,"2048x2048":false,"twentyseventeen-featured-image":false,"twentyseventeen-thumbnail-avatar":false},"uagb_author_info":{"display_name":"Alex","author_link":"https:\/\/cptv.fr\/index.php\/author\/alex\/"},"uagb_comment_info":0,"uagb_excerpt":"Raison d\u2019\u00eatre : Structurer et coordonner les \u00e9v\u00e8nements en \u00e9troite collaboration avec l\u2019agenda &amp; la gestion financi\u00e8reP\u00e9rim\u00e8tre d\u2019action : Toutes activit\u00e9s organis\u00e9es par le collectif (Concerts, march\u00e9s, ateliers, \u2026)Pouvoir d\u2019action &hellip; Continuer la lecture de &laquo;&nbsp;\u00c9v\u00e8nementiel&nbsp;&raquo;","_links":{"self":[{"href":"https:\/\/cptv.fr\/index.php\/wp-json\/wp\/v2\/pages\/217","targetHints":{"allow":["GET"]}}],"collection":[{"href":"https:\/\/cptv.fr\/index.php\/wp-json\/wp\/v2\/pages"}],"about":[{"href":"https:\/\/cptv.fr\/index.php\/wp-json\/wp\/v2\/types\/page"}],"author":[{"embeddable":true,"href":"https:\/\/cptv.fr\/index.php\/wp-json\/wp\/v2\/users\/1"}],"replies":[{"embeddable":true,"href":"https:\/\/cptv.fr\/index.php\/wp-json\/wp\/v2\/comments?post=217"}],"version-history":[{"count":4,"href":"https:\/\/cptv.fr\/index.php\/wp-json\/wp\/v2\/pages\/217\/revisions"}],"predecessor-version":[{"id":516,"href":"https:\/\/cptv.fr\/index.php\/wp-json\/wp\/v2\/pages\/217\/revisions\/516"}],"wp:attachment":[{"href":"https:\/\/cptv.fr\/index.php\/wp-json\/wp\/v2\/media?parent=217"}],"curies":[{"name":"wp","href":"https:\/\/api.w.org\/{rel}","templated":true}]}}